ded by 271116?
2
Calculate the remainder when 51106 is divided by 12773.
14
Calculate the remainder when 4833198 is divided by 43.
41
Calculate the remainder when 36818 is divided by 5256.
26
What is the remainder when 29959 is divided by 88?
39
Calculate the remainder when 1775 is divided by 1766.
9
What is the remainder when 6497 is divided by 142?
107
What is the remainder when 411465 is divided by 12?
9
Calculate the remainder when 783125 is divided by 596.
577
Calculate the remainder when 53933 is divided by 161.
159
Calculate the remainder when 12666 is divided by 634.
620
Calculate the remainder when 5408 is divided by 378.
116
Calculate the remainder when 172085 is divided by 119.
11
Calculate the remainder when 49701 is divided by 348.
285
Calculate the remainder when 181725 is divided by 24.
21
What is the remainder when 28988 is divided by 11?
3
What is the remainder when 15842 is divided by 198?
2
Calculate the remainder when 7299 is divided by 614.
545
What is the remainder when 4474 is divided by 278?
26
Calculate the remainder when 913 is divided by 795.
118
What is the remainder when 11449 is divided by 155?
134
Calculate the remainder when 322869 is divided by 778.
777
Calculate the remainder when 876 is divided by 16.
12
What is the remainder when 4562 is divided by 695?
392
Calculate the remainder when 2200 is divided by 21.
16
Calculate the remainder when 2014 is divided by 528.
430
What is the remainder when 1047195 is divided by 170?
165
What is the remainder when 2143786 is divided by 28?
22
What is the remainder when 10285 is divided by 42?
37
Calculate the remainder when 7134 is divided by 1777.
26
Calculate the remainder when 1230 is divided by 128.
78
Calculate the remainder when 2201 is divided by 223.
194
Calculate the remainder when 5636 is divided by 107.
72
Calculate the remainder when 453575 is divided by 36.
11
What is the remainder when 6817 is divided by 1699?
21
Calculate the remainder when 756106 is divided by 36.
34
Calculate the remainder when 12990 is divided by 1635.
1545
What is the remainder when 12268 is divided by 6062?
144
Calculate the remainder when 19464 is divided by 526.
2
Calculate the remainder when 1239891 is divided by 103323.
15
What is the remainder when 96319 is divided by 1889?
1869
What is the remainder when 7525 is divided by 748?
45
Calculate the remainder when 3100 is divided by 1103.
894
Calculate the remainder when 69373 is divided by 1416.
1405
Calculate the remainder when 562 is divided by 415.
147
Calculate the remainder when 265 is divided by 186.
79
What is the remainder when 30661 is divided by 94?
17
What is the remainder when 36500 is divided by 74?
18
Calculate the remainder when 16704 is divided by 726.
6
Calculate the remainder when 391756 is divided by 830.
826
What is the remainder when 66491 is divided by 693?
656
Calculate the remainder when 29658 is divided by 3289.
57
What is the remainder when 2312 is divided by 171?
89
What is the remainder when 22420 is divided by 603?
109
What is the remainder when 624999 is divided by 208312?
63
What is the remainder when 3293 is divided by 3094?
199
Calculate the remainder when 292692 is divided by 57.
54
Calculate the remainder when 3066 is divided by 1534.
1532
Calculate the remainder when 18865 is divided by 79.
63
What is the remainder when 2713 is divided by 135?
13
What is the remainder when 541546 is divided by 307?
305
What is the remainder when 17725 is divided by 4421?
41
What is the remainder when 110043 is divided by 11?
10
What is the remainder when 274774 is divided by 105?
94
What is the remainder when 25186 is divided by 17?
9
Calculate the remainder when 2038617 is divided by 1114.
1111
What is the remainder when 12818 is divided by 107?
85
Calculate the remainder when 1385980 is divided by 2987.
12
Calculate the remainder when 156277 is divided by 535.
57
What is the remainder when 2950 is divided by 331?
302
Calculate the remainder when 15614 is divided by 582.
482
Calculate the remainder when 1060205 is divided by 33131.
13
Calculate the remainder when 820108 is divided by 232.
220
What is the remainder when 638167 is divided by 12?
7
What is the remainder when 344399 is divided by 1602?
1571
Calculate the remainder when 2042 is divided by 202.
22
Calculate the remainder when 5716 is divided by 88.
84
Calculate the remainder when 79625 is divided by 32.
9
What is the remainder when 12249 is divided by 10787?
1462
Calculate the remainder when 46913 is divided by 127.
50
What is the remainder when 4740 is divided by 73?
68
What is the remainder when 19066 is divided by 283?
105
Calculate the remainder when 8564 is divided by 35.
24
What is the remainder when 1221 is divided by 1035?
186
What is the remainder when 7093 is divided by 624?
229
What is the remainder when 128 is divided by 13?
11
What is the remainder when 1345 is divided by 411?
112
Calculate the remainder when 81310 is divided by 15.
10
What is the remainder when 461 is divided by 187?
87
Calculate the remainder when 4651 is divided by 67.
28
Calculate the remainder when 11577 is divided by 64.
57
What is the remainder when 12959 is divided by 219?
38
What is the remainder when 6024 is divided by 2638?
748
What is the remainder when 103917 is divided by 11543?
30
What is the remainder when 4385 is divided by 14?
3
What is the remainder when 12605 is divided by 6301?
3
Calculate the remainder when 11074 is divided by 70.
14
Calculate the remainder when 1205 is divided by 373.
86
What is the remainder when 47357 is divided by 95?
47
What is the remainder when 252752 is divided by 84250?
2
Calculate the remainder when 7484 is divided by 143.
48
Calculate the remainder when 22905 is divided by 122.
91
Calculate the remainder when 34688 is divided by 4325.
88
Calculate the remainder when 11794 is divided by 20.
14
What is the remainder when 9910 is divided by 372?
238
What is the remainder when 14240 is divided by 582?
272
What is the remainder when 9034 is divided by 14?
4
Calculate the remainder when 32245 is divided by 449.
366
What is the remainder when 33184 is divided by 16518?
148
What is the remainder when 2573 is divided by 550?
373
Calculate the remainder when 484414 is divided by 53823.
7
What is the remainder when 9785 is divided by 883?
72
What is the remainder when 25434 is divided by 123?
96
What is the remainder when 59324 is divided by 96?
92
What is the remainder when 571410 is divided by 367?
358
What is the remainder when 5612 is divided by 579?
401
What is the remainder when 3179 is divided by 1548?
83
Calculate the remainder when 494100 is divided by 1023.
1014
Calculate the remainder when 107197 is divided by 20.
17
Calculate the remainder when 11222 is divided by 5604.
14
Calculate the remainder when 138240 is divided by 609.
606
Calculate the remainder when 12390 is divided by 191.
166
What is the remainder when 31693 is divided by 28?
25
Calculate the remainder when 1174 is divided by 50.
24
Calculate the remainder when 11117 is divided by 3704.
5
What is the remainder when 98891 is divided by 12?
11
Calculate the remainder when 2359 is divided by 626.
481
Calculate the remainder when 28010 is divided by 1072.
138
What is the remainder when 4786 is divided by 791?
40
Calculate the remainder when 235366 is divided by 663.
1
Calculate the remainder when 1032079 is divided by 31.
27
What is the remainder when 6224 is divided by 401?
209
What is the remainder when 2381 is divided by 793?
2
Calculate the remainder when 13313 is divided by 4432.
17
Calculate the remainder when 2523 is divided by 911.
701
Calculate the remainder when 157519 is divided by 39.
37
Calculate the remainder when 1279249 is divided by 70.
69
Calculate the remainder when 10989 is divided by 915.
9
Calculate the remainder when 71954 is divided by 87.
5
Calculate the remainder when 110044 is divided by 22002.
34
Calculate the remainder when 27177 is divided by 47.
11
Calculate the remainder when 159452 is divided by 151.
147
What is the remainder when 118365 is divided by 44?
5
Calculate the remainder when 14693 is divided by 918.
5
What is the remainder when 49114 is divided by 2?
0
Calculate the remainder when 3006578 is divided by 37.
32
What is 